Let l(v) = -7*v - 9. What is l(w)?
33
Let t = -13 - -16. Let o(l) = -11*l**t - 8*l**2 + 7*l**3 - 3 + 5*l**3. Determine o(8).
-3
Let z = 8 - 6. Suppose -z*m + 3 = -3*m. Let u(a) = 7*a - 4 - 3*a - 3*a + 1. What is u(m)?
-6
Let k(a) = -a**3 - 34*a**2 + a + 42. Let u be k(-34). Let x(h) = -3*h + 19. Determine x(u).
-5
Let b(m) be the third derivative of m**5/30 + m**4/12 - m**3/6 - 427*m**2. Let j = -5 - -15. Suppose -2*y + 7*y = j. Give b(y).
11
Let x(w) = -6*w**2 - 3*w. Let b be (4/10)/(1/5). Let z(a) = 7*a**2 + 4*a. Let r(j) = b*z(j) + 3*x(j). Determine r(-1).
-3
Let l(m) be the first derivative of -2*m**2 + 43*m - 719. Determine l(9).
7
Let m(p) = -p**2 - 13*p - 2. Suppose -4*k - 35 = 17. Calculate m(k).
-2
Let g(x) = -x + 1. Let p be g(-4). Let l(r) = 3*r - 7. Let k(i) = -2*i + 2 - 8 + 11. Let v(a) = 7*k(a) + 5*l(a). Give v(p).
5
Let g(u) be the first derivative of u**2 - 16*u - 53. Determine g(10).
4
Let m(q) = -8*q + 187. Let u be m(24). Let i(a) = a**2 + 3*a - 7. Give i(u).
3
Let a(t) = -7*t**2 - t + 1. Suppose -2*y = 5*j - 145, 2*j - 5*y - 60 = -2. Let s = -12 + j. Suppose z = -2*z - 2*x - 3, -5*z + 4*x = -s. Give a(z).
-7
Let a(s) = -3*s - 5. Let f = -11 + 15. Suppose m - 15 = f*m. What is a(m)?
10
Let n be (-6)/(-2) + -2 + 6/3. Let d be (n/(-2))/((-6)/4). Let q(i) = 10*i**3 + 2*i - 1. Determine q(d).
11
Let i(d) = 7*d**2 - 8*d + 6. Let r(x) = -10*x**2 + 12*x - 9. Let f(u) = 7*i(u) + 5*r(u). Give f(6).
-15
Let v(w) = 6*w + 4. Let x(d) = -17*d - 12. Let h(o) = 8*v(o) + 3*x(o). What is h(-6)?
14
Suppose 8*t - 42 + 2 = 0. Let s(y) = t - 2 + y**3 - 1 - y**2 + 4. Let f(v) = -v + 5. Let j be f(5). Calculate s(j).
6
Let m(f) = -f. Let z = -52 + 205. Let v be 2/(-5) + z/45. Suppose v*o - 2*b = -2, -b - 16 = -5*b. Give m(o).
-2
Let y(o) = -o**3 - 3*o**2 - 16. Let d be y(-4). Let t(i) = i**2 - i - 13. What is t(d)?
-13
Let v(h) = 2*h - 5*h - 7*h**2 - 33*h**3 + 46*h**3 - 14*h**3. What is v(-6)?
-18
Let u(b) = -3*b**2 - 3*b + 1. Let c(a) = -4*a**2 - 2*a + 4. Let d(j) = 2*c(j) - 3*u(j). Calculate d(-3).
-1
Let d = -7 + 5. Let o(u) = 119*u - 253*u - 4*u**2 + 132*u. What is o(d)?
-12
Let p(f) be the second derivative of f**3/6 - 4*f**2 - 140*f. Give p(6).
-2
Let a(k) = 5*k**3 + 4*k**2 + 3*k + 4. Let z(o) = 17*o**3 + 13*o**2 + 10*o + 14. Let i(g) = -7*a(g) + 2*z(g). Calculate i(-1).
0
Let z be 3 + (0 + 0 - -5). Let f(j) = -j**2 + 7*j + 11. Let d be f(z). Let o(b) = 3*b**2 + 3*b - 2*b**3 - 3*b**d + 4*b**3 - 1 - 6*b**2. Determine o(-4).
3
Let u = -3 - -6. Let c(q) be the second derivative of -3/2*q**2 + 1/2*q**3 + 0 - 9*q. Give c(u).
6
Let l(j) = -j**2 + 13*j + 18. Let f be l(14). Suppose f*s + 15 = -s. Let c(v) be the second derivative of -v**4/12 - v**3/2 - 3*v**2/2 + 2*v. Calculate c(s).
-3
Let r(w) = -7*w**2 + 10*w**2 - 5 - 7*w - 4*w**2 - 3*w. Calculate r(-9).
4
Let o = 122 + -110. Let v(f) = 20*f + o*f - 46*f + 19*f + f**2. Let m = -6 - -3. What is v(m)?
-6
Suppose 2*z - 4*z + 2*h + 10 = 0, 5*h = z + 11. Let g = z - 9. Let f(q) = -3*q + 3*q - 5 - q + g*q. What is f(0)?
-5
Let c(q) = 19*q + 7. Suppose 3*x = 2*x - 2. Let a = 6 - 11. Let s(k) = -10*k - 3. Let r(h) = a*s(h) + x*c(h). What is r(-1)?
-11
Let h(n) = -6*n + 13. Let g(d) = -36*d + 74. Let r(y) = -6*g(y) + 34*h(y). Give r(1).
10
Let h(d) = -11*d**3 - 18*d**2 - 32*d - 5. Let g(c) = -5*c**3 - 9*c**2 - 15*c - 2. Let k(f) = 9*g(f) - 4*h(f). Determine k(-8).
-6
Let f = -24 - -26. Let n(g) = 3*g - 4 + g**f + 5 - 2*g. Give n(-1).
1
Let k(s) = -5*s. Let q = 8 + 0. Let f be 4/(-16) - (-178)/q. Let h be 4/f + 96/(-44). Give k(h).
10
Let b(j) = j**3 - j**2. Let l(z) = 2*z**3 - 6*z**2 - 8*z + 8. Suppose 0 = -o - 3*o - 28. Let g be (-54)/(-42) - (-2)/o. Let q(f) = g*l(f) - b(f). What is q(6)?
-4
Let p be -6 - (-40)/32*4. Let x(u) = -6*u - 2. Calculate x(p).
4
Let j(b) = -b**3 - 7*b**2 + 8*b - 7. Suppose 3*c - u + 10 = 0, 4*u + 30 = -0*c - 2*c. Let d be c/2*4 - -2. Give j(d).
-7
Let a = 674 - 678. Let u(k) = 2*k**2 + 2*k - 7. Determine u(a).
17
Let r(s) = -s**2 + 3*s - 3. Let f be r(3). Let d be (-2 + -2)/((-4)/6). Let j(u) = 3*u**2 + 0*u - 2*u**2 - 1 - 4*u + d*u. Calculate j(f).
2
Let h(a) = 4*a + 34. Let g be h(-8). Suppose -5 = b + 5*u - g*u, -b + 2*u = 5. Let c(y) = y**2 + 4*y - 6. Give c(b).
-1
Suppose -2*h - 2*h - 3*c + 16 = 0, 2*h = -5*c + 22. Let s(i) = -7 - 2*i - h - 2. Calculate s(-8).
6
Let k(r) = -r**3 - 9*r**2 + 9*r - 6. Let t be (-324)/32 + (-4)/(-32). Calculate k(t).
4
Let k(i) = 5*i**3 + i**2. Suppose 26*g = 23*g. Suppose g = -18*c + 29*c - 11. Determine k(c).
6
Let d(f) = -f**3 - 6*f**2 - 2*f + 4. Let h(q) = q**2 + q - 46. Let g be h(6). Calculate d(g).
-20
Let d(a) = -a**3 - 6*a**2 + 5*a + 22. Let z be d(-6). Let l(s) = -s**2 - 6*s + 15. Calculate l(z).
-1
Let q(u) = u + 2. Let p(k) = -21*k**3. Let d be p(-1). Suppose -3*h - d + 0 = 0. Give q(h).
-5
Let j(r) = -29*r + 123*r - 31*r - 34*r + 3*r**2 - 2 - 28*r. Give j(3).
28
Let l(f) be the third derivative of -f**5/60 + 7*f**4/24 - 5*f**3/6 - f**2. Let t be (-2)/5 - 6/10. Let c be (-6)/t + 3*(-6)/9. Give l(c).
7
Let j(z) be the third derivative of z**5/30 + z**4/6 - z**3/6 - 6*z**2. Let f be j(-4). Let d be (-3 - f/(-6))*2. Let g(w) = -12*w**3 - w**2 + w + 1. Give g(d).
11
Let l(z) be the third derivative of -z**4/6 - 5*z**3/6 - 27*z**2. Let f(w) = -w - 1. Let p(x) = 9*f(x) - 2*l(x). Calculate p(6).
-5
Let s(k) = k**3 + k**2 + 0*k**2 - 5 - k + 0*k**3. Suppose -3*p - 3*g + 9 = 0, 2 + 10 = -4*p + 4*g. Determine s(p).
-5
Let x(q) be the second derivative of -1/6*q**3 + 3/20*q**5 + 16*q + 0*q**4 + 0*q**2 + 0. Calculate x(1).
2
Let v(g) = g + 8. Let p = 102 - 110. Calculate v(p).
0
Let q(m) = 3*m + m - 2*m - 2 - m**2. Let h be 7*5/21 - 2/(-6). Let c be q(h). Let y(t) = -3*t. Calculate y(c).
6
Let i = 55 + -27. Let g = i + -26. Let m(y) = 2*y**2 - 3*y. What is m(g)?
2
Let a be (4 - 3) + -3 + 1 + 7. Let s(r) = 4*r - 24. What is s(a)?
0
Let r(i) = 0 - i**2 + 0*i**2 + 8 - 4*i. Let s = -1 + 5. Suppose 8*j + 24 = s*j. Calculate r(j).
-4
Let d(g) = -7*g + 8. Let n(i) = -20*i + 23. Let j(p) = -17*d(p) + 6*n(p). Suppose -5*m + 52 = 7. Let k be (6 - m)*(-6)/9. What is j(k)?
0
Let b(g) = 3*g**2 + 5*g + 13. Let c(w) = 2*w**2 + 3*w + 7. Let o(i) = -3*b(i) + 5*c(i). Let y = -9 - -5. Let t(h) = -2*h - 5. Let a be t(y). Calculate o(a).
5
Let a(t) = -t**3 + 4*t**2 + 4*t - 5. Let q = 56 + -1. Let c be (-2)/(-1)*q/22. Suppose 0 = -4*s - g + 6*g + 5, -c = 2*s - 5*g. Give a(s).
-10
Let j(d) = 2*d**2 + 9*d - 13. Let g(p) = p**2 - p + 1. Let a(k) = -3*g(k) + j(k). Let x be a(10). Let r(w) = w**2 - 7*w + 5. Calculate r(x).
-7
Let h = 9 - 7. Suppose 2*z - 20 = -h*z. Let y(g) = 2 - 9 + 1 + g**2 - z*g. Give y(6).
0
Let o(s) = s**2 - 4*s + 11. Let q be o(2). Let j(a) be the third derivative of a**5/60 - 3*a**4/8 + a**3/3 - a**2. Give j(q).
-12
Let i be 5*(-3)/(-21) + (-2)/(-7). Let d be i + (-20)/14 + (-42)/(-98). Let v(n) = 2*n**2 + n + 11 + 0*n**3 - n**2 - n**3. Calculate v(d).
11
Let c(b) = -16*b**2 - 7*b - 21. Let k(h) = 13*h**2 + 6*h + 18. Let o(n) = -5*c(n) - 6*k(n). Calculate o(-3).
18
Let x(o) be the third derivative of 29*o**2 + 1/15*o**5 - 1/120*o**6 + 0*o**4 + 0 + 5/6*o**3 + 0*o. Give x(4).
5
Suppose g = f - 6*f + 4, 0 = 4*f + 2*g - 8. Let m(t) = t**3 - t**2 + t - 9. What is m(f)?
-9
Suppose 0*h + 6 = 3*h. Suppose h = 3*q + 11. Let t(a) = -2*a**2 - 5*a + 5. Let d(b) = b - 1. Let l(x) = -2*d(x) - t(x). Give l(q).
6
Let z(n) be the third derivative of 0 + 0*n - 1/8*n**4 + 18*n**2 + 1/6*n**3 - 1/60*n**5. Calculate z(4).
-27
Let t(q) = 5*q**3 - q**2 + q + 1. Let p be t(-1). Let b(h) be the third derivative of -h**5/60 - 7*h**4/24 + 4*h**2 - 2. Give b(p).
6
Let y(v) be the third derivative of v**4/24 + 7*v**3/6 - 45*v**2. Let k(h) = -h - 8. Let q(g) = -2*k(g) - 3*y(g). Let f be 3*(-2)/(-9)*6. Calculate q(f).
-9
Let l(x) be the third derivative of x**4/8 + 11*x**3/6 - 2*x**2 - 61. What is l(-2)?
5
Suppose -2*p = -4 + 25 - 31. Let o(y) be the second derivative of y**5/40 - y**3/6 + y. Let g(r) be the second derivative of o(r). Determine g(p).
15
Let f(a) be the third derivative of a**5/12 + a**3/6 - 57*a**2 + 2. Let l = -24 - -23. Determine f(l).
6
Suppose -38 = -a - 36. Suppose 0 = 3*m, -1 = 4*r - m - 17. Let y be ((-2)/r)/(a/(-12)). Let o(w) = w**3 - 4*w**2 + 4*w